- 4 = a - 56. Suppose -3*d + a = 5*d. Suppose -3*j = -d*j + 524. What is the hundreds digit of j?
1
What is the thousands digit of ((-60)/42)/5 + (-306784)/(-56)*1?
5
Let h(p) = 158*p + 1058. What is the hundreds digit of h(24)?
8
Let s(f) = 21*f**2 + 9*f - 3. Let u be s(3). Let l = -13 + u. What is the units digit of l?
0
Let t = -55 - -58. Suppose 2*w - 3*g - 661 = -6*g, -t*w + 982 = -5*g. What is the tens digit of w?
2
Let i = -44914 - -76003. What is the thousands digit of i?
1
What is the hundreds digit of ((-3)/5)/(183/(-6871955))?
5
Let s = 27576 + 10814. What is the ten thousands digit of s?
3
Suppose 0 = 2*n + 3*h - 3021 - 14592, 0 = -3*n + 5*h + 26410. What is the hundreds digit of n?
8
Suppose -3*h - 12 = 0, -4*v - 2*h = -5*v + 503. Suppose -9*c = 72 - v. What is the tens digit of c?
4
What is the units digit of 72/48 + (-51)/30 - 322308/(-15)?
7
Let h be (8 - 451/55)/(2/(-1810)). Suppose 4*u = -2*p + h + 141, -15 = 3*p. What is the units digit of u?
3
Suppose 0 = -3*q + 4*k - 923, -8*q + 634 = -10*q - 2*k. Let r = q + 794. What is the tens digit of r?
8
Let q(l) = 1236*l**2 + 215*l + 46. What is the hundreds digit of q(-6)?
2
Suppose 4*s = -5*l + 1540, 7*s - 4*s = 4*l - 1201. Let r = l + -153. Suppose 152 = 3*j - r. What is the hundreds digit of j?
1
Let r(f) = -218*f + 754. What is the units digit of r(-25)?
4
Let q be ((-61)/6 - 2/(-12))*-55. Let l = q - -461. What is the thousands digit of l?
1
Let n be (-399)/15 - ((-12)/(-5) + -2). Let h = n - -29. Suppose -h*y - 2 = -4*y. What is the units digit of y?
1
Let z(r) be the second derivative of -47*r**3/3 - 5*r**2/2 - 13*r. Let t(s) = -s - 2. Let l be t(0). What is the tens digit of z(l)?
8
Let n(h) be the second derivative of -h**4/12 + 11*h**3/6 + h**2/2 + 39*h. Let m be (-204)/(-21) - (-2)/7. What is the tens digit of n(m)?
1
Suppose 58*w - 415 = 165. Suppose -5*y + 45 = -0*y. Suppose y = w*o - 351. What is the tens digit of o?
3
Let a(q) = 5*q**2 - 202*q + 99. What is the ten thousands digit of a(79)?
1
Suppose 24 = 2*l + 6. Suppose 3*f - l*f = -786. What is the units digit of f?
1
Suppose -3*g = -15 + 6. Suppose -6184 = -5*z - g*b + 2*b, b = 4. What is the units digit of z?
6
Let v(x) = 6*x**2 - 21*x + 45. Let m(q) = -6*q**2 + 20*q - 44. Let a(k) = 3*m(k) + 4*v(k). What is the tens digit of a(18)?
6
Suppose -14*c + 4*c + 13628 = -13392. What is the hundreds digit of c?
7
Suppose 0 = r + 2*r - 15. Suppose -7*h + 4*w + 1592 = -5*h, -r*w = h - 803. Suppose 2*u - h = -u. What is the units digit of u?
6
Suppose -v = 52 - 66. Suppose -21 = -v*o + 15*o. What is the units digit of (-1170)/o - (1 - 45/35)?
6
Suppose 0*c - 2*c - 4*w = -40, 0 = -3*c - w + 70. Suppose -c*j = -18*j - 162. Suppose 23*p + 8 = j*p. What is the units digit of p?
2
Let k(l) = l**3 + 88*l**2 - 1751*l - 158. What is the thousands digit of k(-102)?
2
Suppose -17*y - 98 = -3*y. Let f(t) = -t + 1. Let o(u) = -54*u + 12. Let b(r) = -15*f(r) + o(r). What is the hundreds digit of b(y)?
2
Suppose 2*v = 5*x + 327, 22 - 7 = -5*x. Suppose 2*j - v - 7 = -3*n, -25 = 5*n. What is the tens digit of j?
8
Suppose -7*u = 24 - 626. Let p = 90 - u. Suppose -i = 3*j - 179, -463 - 269 = -p*i + 4*j. What is the units digit of i?
2
Let d be (10/15)/(6/18). Suppose -6*p + 7*p - 1141 = -d*r, -4*p = -r + 566. What is the units digit of r?
0
Let u(g) = 1982*g + 33*g**2 + 1988*g + 11*g**2 - 35 - 3976*g. What is the hundreds digit of u(-4)?
6
Suppose 3*p - v = 26, v = 2*p - 15 - 4. Suppose 7*k = 7 + p. What is the units digit of (-238)/7*(-1)/k?
7
Let k = 188 - 184. Suppose -k*p + 2*p = -220. What is the hundreds digit of p?
1
Suppose 3*i = -2*j + 41812, -2*i - 6*j = -10422 - 17476. What is the hundreds digit of i?
9
Let d(y) = -3 + 2 - 4 - 9*y - 2*y**2. Let m be d(9). Let r = 365 + m. What is the hundreds digit of r?
1
Suppose -2*l - 24295 = -5*f + 1339, -5132 = -f + 3*l. What is the hundreds digit of f?
1
Suppose -2*c - 50830 = -2*f, -12*c = f - 8*c - 25395. What is the hundreds digit of f?
4
Suppose -1464*k + 1454*k + 11970 = 0. What is the tens digit of k?
9
Let i(s) = s**2 - 3*s + 22. Let j be i(0). Suppose -862 = -6*c - j. Let t = c + -28. What is the units digit of t?
2
Let x(n) be the third derivative of -n**4/8 + 23*n**3/3 + 18*n**2. Let z be x(16). What is the tens digit of (-244)/12*(-1 + z)?
6
Let a = 14259 + -8583. What is the tens digit of a?
7
Suppose -4*z + 65798 = v, -10*v + 5*z = 3*z - 657686. What is the tens digit of v?
7
Let i(y) = y**3 + 7*y**2 + 7*y + 2. Let b be i(-5). Suppose l + 5 = b. Let j(s) = s**3 - 12*s**2 + 12*s + 6. What is the tens digit of j(l)?
5
Let o = -122 + 122. Suppose -4*m = -3*r + 1605, r + 2*m - 292 - 253 = o. What is the tens digit of r?
3
Suppose -5*y - b + 3 = -43, 5*y = -5*b + 50. Suppose 3399 - 204 = y*z. What is the hundreds digit of z?
3
Let f = 425 - 422. Suppose -2*a - 3*z = -471, 2*a + 7*z - f*z = 468. What is the units digit of a?
0
Suppose 12*v - 53822 = 7*v + 4*a, 5*a = 3*v - 32301. What is the hundreds digit of v?
7
Let a(u) = 4*u - 460. Let g(p) = -21*p + 2515. Let c(t) = 11*a(t) + 2*g(t). Suppose 2*y = 41 - 5. What is the units digit of c(y)?
6
Suppose 0 = 5*b + 4*b - 99. Suppose 2*a - b = -3. Suppose 0 = -a*x + 115 + 513. What is the units digit of x?
7
Let r(b) = -b + 1. Let j(z) = 10*z + 51. Let u(y) = -40*y - 205. Let i(v) = 15*j(v) + 4*u(v). Let p(t) = -i(t) + 5*r(t). What is the hundreds digit of p(8)?
1
Let d(s) = 10*s**2 - 5*s + 42. What is the tens digit of d(-25)?
1
What is the hundreds digit of 11/(99/72) + -9 + 25944?
9
Suppose 3195 = 2*x - 2061. What is the units digit of x?
8
Let b = 24809 - 6294. What is the units digit of b?
5
Let t be (-1)/(30/33 + -1). Suppose -1 = f - 3. Suppose -f*s + t + 27 = 0. What is the units digit of s?
9
Let p be (7/(42/(-20)))/(2/(-3)). Suppose -3*w + 5*i + 297 + 716 = 0, 0 = -p*w - 4*i + 1713. Let t = w - 236. What is the tens digit of t?
0
Suppose -u = -2*u + 1. Let y(d) = 0 + 4*d - 7 - u - 10*d. What is the units digit of y(-3)?
0
Let i(l) = 5*l**2 - 17*l + 139. What is the tens digit of i(-8)?
9
Suppose -20 = -8*u + 3*u, 2*d + 8 = 3*u. Suppose 2*a + 0*q = -4*q + 2740, 0 = -4*a + d*q + 5430. What is the thousands digit of a?
1
Suppose 13*k = 12*k + 21. Suppose k = -4*c - 11. What is the tens digit of (-15)/(-60) - 686/c?
8
Suppose 5*u = -0*u + 440. Let g be 12/(-8)*u/(-6). Suppose -9*w - g = -10*w. What is the tens digit of w?
2
Suppose 8*u = -8*u + 448. Suppose 4*l + 3*n - 221 = 0, l - 2*n - 19 = u. What is the tens digit of l?
5
Suppose 1152 = 2*r + 228. What is the units digit of r + (-16 + -2)/6?
9
What is the thousands digit of (17 - 37) + 34750 + 11?
4
Suppose -99 - 37 = 4*z. Let t = -86 - -63. Let v = t - z. What is the tens digit of v?
1
Let w(r) = -r**3 + 11*r**2 + 26*r + 5. Let c be w(13). Suppose 2*u - 1192 = 3*t, 0*u - 2966 = -c*u + 4*t. What is the tens digit of u?
9
Let f(h) be the first derivative of 1/2*h**2 - 53*h - 3 + 4/3*h**3. What is the tens digit of f(-7)?
3
Let n(j) = -1175 + 3*j**3 + 1192 - 4*j**3 - 6*j**3 - 9*j + 3*j**3 - 15*j**2. What is the thousands digit of n(-8)?
1
Let h = 10 - 17. Let x(z) = -16*z + 17*z - 29*z + 34. What is the hundreds digit of x(h)?
2
Let t(r) = 1852*r**2 + 2*r + 1. Let i be t(-1). Suppose 0 = 2*y + 4*o - 618 - 620, i = 3*y + 3*o. Suppose -201 + y = 9*q. What is the tens digit of q?
4
Let g(f) be the second derivative of 11*f**4/12 + 4*f**3/3 - 24*f**2 + f - 78. What is the hundreds digit of g(-6)?
3
Suppose 3*n - d = 24684, -4*d = -3*n - 9*d + 24684. What is the tens digit of n?
2
Suppose -3*d = -9*d + 12. Let s be (3568/32)/(d/(-4) - -1). Let v = s + -14. What is the hundreds digit of v?
2
Suppose -16*x + 8*x = -920. Let g = -112 + x. Let n(f) = 19*f + 12. What is the tens digit of n(g)?
6
Suppose -14*z + 107*z - 1447460 = -118*z. What is the thousands digit of z?
6
What is the tens digit of (-5)/(65/(-661624)) - -40*(-12)/3120?
9
Let l be (-2)/4 - 231/(-14). Let f(x) = x**3 - 3*x + 15*x**2 - 6 + l - x**2. What is the tens digit of f(-14)?
5
Suppose -2582 + 622 = -7*h. Let m = 97 - h. What is the tens digit of (-4)/(-6)*m/(-2)?
6
Suppose -1173*u = -1171*u - 2466. Let s = 1924 - u. What is the units digit of s?
1
Suppose -25 = 5*l, f - 4*l - 1979 = 1566. Suppose 12*t + f - 1107